0)/(36/135)*8. What is the greatest common factor of 30 and y?
6
Suppose 0 = -2*g - 3*g + 40. Let t be -1 - -58 - (-5 + 5). Let w = -41 + t. What is the greatest common factor of w and g?
8
Let i(u) = 22*u**2 + 2*u - 3*u**2 + 3 - 5 + 3. Let s be i(-1). Calculate the highest common divisor of 198 and s.
18
Suppose 5*p - 456 = 2*p. Let o(b) = 3*b + 19. Let k be o(0). Calculate the greatest common factor of p and k.
19
Let f be 122/4 - 2/4. Calculate the highest common divisor of 90 and f.
30
Let d = 57 - -199. Suppose d = 4*l - 0*l. Suppose 0 = 2*v - 16. What is the greatest common divisor of v and l?
8
Suppose 1 = -2*f + 7. Suppose -4*g = -3*i - 99, -g - 3*i + f + 33 = 0. Let c = 45 + -27. Calculate the greatest common factor of g and c.
9
Let u be (-72)/(-42) + (-4)/(-14). Calculate the highest common divisor of 5 and u.
1
Let l(w) = -w**3 - 4*w**2 + w - 7. Let g(k) = k**2. Let a(h) = 4*g(h) - l(h). Let v be a(-8). Let r = -27 - -192. What is the greatest common factor of r and v?
15
Let p(f) = -3*f + 8. Let j be p(-2). What is the greatest common factor of j and 112?
14
Suppose 15 = d + 36. Let q be d/(-5) - (-28)/35. What is the greatest common factor of q and 55?
5
Let h = 76 + -36. Suppose h = 5*a - 90. What is the highest common divisor of 65 and a?
13
Suppose -33 = -3*b - 4*y, -5*b + 2*y + 50 = 7*y. Calculate the highest common factor of b and 49.
7
Suppose -2*x + 8 + 0 = 0. Suppose 2*s = 1 + 3. Suppose -2*r + 48 = 5*u, 2*u - s*r + 18 = x*u. Calculate the greatest common factor of 4 and u.
2
Suppose -4*b = -3*a - 2*a - 205, -3*b = 2*a - 171. Calculate the highest common divisor of b and 440.
55
Let w be -3*(1 - 0)/3. Let r be (w*6)/(-3) - 2. Let u(o) = -o**2 + o + 231. Let x be u(r). Calculate the highest common factor of x and 21.
21
Suppose 5*w - 3*h - 127 = -h, 0 = 4*w - 3*h - 96. What is the greatest common factor of 27 and w?
27
Let f = -25 + 30. Calculate the highest common divisor of f and 35.
5
Suppose 4*z - 55 = -3*k + 22, -3*z + 63 = 4*k. Suppose -u - 4*u - z = -2*m, 0 = 4*m - 4*u - 16. Calculate the greatest common divisor of m and 1.
1
Let g = -8 - -14. Suppose 0 = -3*b + 6 - 0. What is the greatest common divisor of g and b?
2
Let r(f) = f**2 + 3*f - 4. Let k be r(-6). Let y = 458 + -318. Calculate the greatest common factor of k and y.
14
Let u(v) be the second derivative of -v**3/3 - 8*v**2 + 2*v. Let t be u(-13). What is the greatest common factor of t and 80?
10
Let k = -6 + 4. Let u = k + 6. What is the highest common divisor of 44 and u?
4
Let c be (144/1)/((-20)/(-30)). Suppose 4*h - n = 614, -3*h + 4*n + 238 = -c. Calculate the highest common factor of 14 and h.
14
Let u be (-1 - (0 - 0)) + 46. Calculate the greatest common divisor of 5 and u.
5
Let u be -4 - 4/(-2) - -46. Calculate the greatest common factor of u and 132.
44
Let a be 21*(1 + 23/7). Suppose 1 = 2*w + 2*b + 15, -2*b = -3*w + 4. Let l be (w - -1 - -21) + -2. Calculate the highest common divisor of a and l.
18
Let c = 338 + -228. What is the greatest common divisor of 22 and c?
22
Suppose -2*a + 51 = -2*n + 5*n, -a - 2*n + 27 = 0. Calculate the greatest common divisor of 105 and a.
21
Suppose -5*k = 0, -2*w + k = -3*k - 24. Let h(x) = 0*x**3 + 4*x**2 + 6*x**2 - w - x**3. Let u be h(9). Calculate the highest common divisor of 46 and u.
23
Suppose 5*d = 3*d. Suppose d = -2*m + 4 - 2. Calculate the highest common factor of 5 and m.
1
Let o(w) = w**2 + 4*w + 5. Let v be o(5). Calculate the greatest common factor of 20 and v.
10
Let p be (-1)/((-70)/(-36) - 2). Calculate the greatest common divisor of 12 and p.
6
Let b be (-3)/(-9) + (-254)/(-3). Calculate the highest common factor of 34 and b.
17
Suppose 2 = 3*g - 2*g, 4*r - 30 = -g. Suppose 90 = 2*l - 0*l. Suppose -4*w + l = 17. What is the greatest common factor of w and r?
7
Let l(q) = q**2 + 8*q + 1. Let n be l(-8). Let t be (-333 - -1)*n/(-2). Suppose -3*h + t = 40. What is the highest common divisor of 21 and h?
21
Let x(u) = u**2 - 2*u + 7. Let w be x(5). What is the greatest common divisor of w and 11?
11
Let g(x) = 34*x**2 - 2*x - 2. Let l be g(2). Suppose -4 = -4*t + 48. What is the highest common divisor of t and l?
13
Let b be (0 - 1)/(1/(-18)). Let o be 2/(-6) + (-242)/(-6). Suppose -5*g + o + 5 = 0. What is the greatest common factor of g and b?
9
Let w be -232*1*1/(-2). What is the highest common factor of 29 and w?
29
Suppose -3*x = -47 + 5. Calculate the greatest common divisor of 154 and x.
14
Let v be ((-5)/(-2))/(3/18). Let i = 8 + -5. What is the highest common factor of v and i?
3
Let p(y) = -5 + 7*y - 3 + 6. Let q = 2 + 0. Let w be p(q). What is the highest common divisor of w and 60?
12
Suppose -v = 3*v - l - 24, 3*v + l = 11. Let u be ((-42)/(-15))/((-1)/v). Let b = u - -24. Calculate the greatest common factor of 50 and b.
10
Suppose y - 4 = 0, l + y - 5 - 6 = 0. Suppose 3*v = -l*w + 2*w + 182, -266 = -5*v + w. What is the greatest common divisor of 6 and v?
6
Let i = 141 + -93. Calculate the highest common factor of i and 12.
12
Let h be -72*-1*2/3. Suppose -48 = 43*b - 51*b. What is the highest common factor of h and b?
6
Suppose 2*n - 9 = -2*n + 3*m, n = -5*m + 8. What is the greatest common factor of 24 and n?
3
Suppose 5*c + 170 = 5*z, -2*z + z - 4*c + 44 = 0. What is the greatest common divisor of 4 and z?
4
Suppose 97 = m - 128. What is the highest common factor of 25 and m?
25
Let l be 2/(-2) + (2 - 13). Let h = -6 - l. Calculate the highest common factor of 2 and h.
2
Let q be 2/5 - 58/(-5). Let t(g) be the first derivative of -g**3/3 - 6*g**2 - 14*g - 6. Let j be t(-10). Calculate the highest common divisor of q and j.
6
Suppose 42 = -3*j + p - 3*p, 0 = -2*j + 3*p - 41. Let m be 1/(-4) + 12/j. Let q be m + 3 - (-11 - -1). What is the highest common divisor of q and 3?
3
Let x be (37 - -2)/((-24)/(-8)). Calculate the highest common factor of 39 and x.
13
Let a(k) = -k + 5. Let r be a(-9). Calculate the greatest common factor of r and 21.
7
Let i(z) = 5*z + 33. Let l be i(11). Calculate the greatest common divisor of 22 and l.
22
Let p(z) = 3*z**2 + 5*z + 6. Let w be p(6). Suppose n = 4*n - w. Calculate the greatest common factor of n and 16.
16
Let x be (-12)/(-18)*3/(-4)*-14. Let f(a) = -a**3 + 9*a**2 - 9*a. Let r be 6/(-4)*(-28)/6. Let m be f(r). Calculate the greatest common factor of m and x.
7
Suppose -c + 2*c = 4. Calculate the highest common divisor of c and 6.
2
Let k(o) = 2*o**2 - 3*o - 8. Let a be k(5). Suppose 3*z - 14 - 13 = 0. What is the highest common divisor of a and z?
9
Let k = 83 - 53. What is the highest common divisor of 12 and k?
6
Let g(j) = 2*j + 1. Let o be g(2). Calculate the highest common divisor of 5 and o.
5
Let o(m) = -m**2 + 10*m - 16. Let u be o(7). Calculate the greatest common divisor of 1 and u.
1
Let a be (20/8)/(2/(-276)). Let j be (4/10)/((-3)/a). Calculate the highest common divisor of 23 and j.
23
Suppose 311 = -4*g - c + 4*c, g = -5*c - 95. Let z be -3*(-1 + 3 + g). Calculate the greatest common divisor of 26 and z.
26
Let p be (4/(-12) + 4)/(1/15). Suppose v - 3*v + 10 = 0. Suppose 6 = -k + v*j + 2, -3*k + 21 = -4*j. Calculate the greatest common divisor of p and k.
11
Suppose -16 - 2 = 2*x. Suppose 3*l + 2*r - r = -15, 0 = -r + 3. Let o be 28/((l/x)/2). Calculate the highest common factor of 12 and o.
12
Let p = -6 + 32. Calculate the highest common divisor of 39 and p.
13
Let q = -651 + 321. Let y be (q/12)/((-3)/12). Calculate the greatest common divisor of y and 10.
10
Let f = 1 - -2. Let o = 24 + f. Let b = 206 - 197. Calculate the greatest common divisor of b and o.
9
Suppose q = -3*q - 4*p + 60, 60 = 4*q + p. Calculate the highest common divisor of 20 and q.
5
Let m = -14 - -27. Calculate the greatest common factor of m and 117.
13
Suppose 4*o + 3*q - 15 = 5, 4*q - 12 = 2*o. Let h be (o*26/(-4))/(-1). Let d = h + 1. What is the highest common divisor of d and 28?
14
Let z(j) = -9*j - 10. Let h be z(-17). What is the highest common divisor of 13 and h?
13
Let q = -57 - -126. Suppose 3*n = 102 - 33. What is the greatest common divisor of q and n?
23
Let w(a) = a**3 - 3*a**2 - 5*a. Let b be w(5). Suppose 0 = 86*o - 87*o + 10. Calculate the greatest common divisor of o and b.
5
Let i be (4 - 2) + 1 + 10. Let m = -8 + i. Su